{"id":734,"date":"2018-07-26T10:49:22","date_gmt":"2018-07-26T13:49:22","guid":{"rendered":"https:\/\/isfdyt59-sfe.infd.edu.ar\/sitio\/?page_id=734"},"modified":"2023-08-27T21:39:28","modified_gmt":"2023-08-28T00:39:28","slug":"plan-de-estudio","status":"publish","type":"page","link":"https:\/\/isfdyt59-sfe.infd.edu.ar\/sitio\/catalogo\/plan-de-estudio\/","title":{"rendered":"Profesorado de Educaci\u00f3n Primaria"},"content":{"rendered":"\n<p><\/p>\n\n\n\n<h4 class=\"wp-block-heading\">Profesorado<\/h4>\n\n\n\n<ul>\n<li>\n<pre>Acerca de la carrera<\/pre>\n<\/li>\n\n\n\n<li>\n<pre>Plan de estudios<\/pre>\n<\/li>\n\n\n\n<li>\n<pre>Perfil del Egresado<\/pre>\n<\/li>\n<\/ul>\n\n\n\n<h4 class=\"wp-block-heading\">Acerca de la carrera<\/h4>\n\n\n\n<p>P\u00e1rrafo de texto normal<\/p>\n\n\n\n<h4 class=\"wp-block-heading\">&nbsp;<\/h4>\n\n\n\n<h4 class=\"wp-block-heading\">&nbsp;<\/h4>\n\n\n\n<h4 class=\"wp-block-heading\">Plan de estudios<\/h4>\n\n\n\n<p>P\u00e1rrafo de texto normal<\/p>\n\n\n\n<p><strong>A\u00f1o<\/strong><\/p>\n\n\n\n<ul>\n<li><strong>Materia<\/strong><\/li>\n<\/ul>\n\n\n\n<p>Carga horaria<\/p>\n\n\n\n<p>Horario de cursado<\/p>\n\n\n\n<h4 class=\"wp-block-heading\">Perfil del egresado<\/h4>\n\n\n\n<p>P\u00e1rrafo de texto normal<\/p>\n\n\n\n<h4 class=\"wp-block-heading\">&nbsp;<\/h4>\n\n\n\n<h4 class=\"wp-block-heading\">&nbsp;<\/h4>\n","protected":false},"excerpt":{"rendered":"<p>Profesorado Acerca de la carrera P\u00e1rrafo de texto normal &nbsp; &nbsp; Plan de estudios P\u00e1rrafo de texto normal A\u00f1o Carga horaria Horario de cursado Perfil del egresado P\u00e1rrafo de texto normal &nbsp; &nbsp;<\/p>\n","protected":false},"author":6,"featured_media":0,"parent":644,"menu_order":-1,"comment_status":"closed","ping_status":"closed","template":"","meta":[],"acf":[],"_links":{"self":[{"href":"https:\/\/isfdyt59-sfe.infd.edu.ar\/sitio\/wp-json\/wp\/v2\/pages\/734"}],"collection":[{"href":"https:\/\/isfdyt59-sfe.infd.edu.ar\/sitio\/wp-json\/wp\/v2\/pages"}],"about":[{"href":"https:\/\/isfdyt59-sfe.infd.edu.ar\/sitio\/wp-json\/wp\/v2\/types\/page"}],"author":[{"embeddable":true,"href":"https:\/\/isfdyt59-sfe.infd.edu.ar\/sitio\/wp-json\/wp\/v2\/users\/6"}],"replies":[{"embeddable":true,"href":"https:\/\/isfdyt59-sfe.infd.edu.ar\/sitio\/wp-json\/wp\/v2\/comments?post=734"}],"version-history":[{"count":8,"href":"https:\/\/isfdyt59-sfe.infd.edu.ar\/sitio\/wp-json\/wp\/v2\/pages\/734\/revisions"}],"predecessor-version":[{"id":826,"href":"https:\/\/isfdyt59-sfe.infd.edu.ar\/sitio\/wp-json\/wp\/v2\/pages\/734\/revisions\/826"}],"up":[{"embeddable":true,"href":"https:\/\/isfdyt59-sfe.infd.edu.ar\/sitio\/wp-json\/wp\/v2\/pages\/644"}],"wp:attachment":[{"href":"https:\/\/isfdyt59-sfe.infd.edu.ar\/sitio\/wp-json\/wp\/v2\/media?parent=734"}],"curies":[{"name":"wp","href":"https:\/\/api.w.org\/{rel}","templated":true}]}}