{"id":840,"date":"2023-10-31T13:23:08","date_gmt":"2023-10-31T16:23:08","guid":{"rendered":"https:\/\/isfdyt59-sfe.infd.edu.ar\/sitio\/?page_id=840"},"modified":"2023-10-31T13:43:16","modified_gmt":"2023-10-31T16:43:16","slug":"juegotecas","status":"publish","type":"page","link":"https:\/\/isfdyt59-sfe.infd.edu.ar\/sitio\/juegotecas\/","title":{"rendered":"JUEGOTECAS"},"content":{"rendered":"\n<p>El proyecto Escuelas Verdes se comenz\u00f3 a implementar en nuestra Instituci\u00f3n. El mismo consiste en capacitar a la comunidad educativa para lograr una correcta separaci\u00f3n de los residuos, para ello se ubicar\u00e1n cestos en todos los espacios, diferenciados por color. Los de color negro se destinan a los residuos h\u00famedos, org\u00e1nicos es decir generales,<br>en cambio los de color verde se destinan solo a papel o cart\u00f3n seco, materiales que por lo tanto puedan reciclarse.<br>Ya han participado de esta capacitaci\u00f3n: docentes, nodocentes y alumnos. Al finalizar estas tareas, en conjunto con la Escuela primaria, se dar\u00e1 de alta a las escuelas como participantes del proyecto.<\/p>\n\n\n\n<figure class=\"wp-block-image size-full is-resized\"><img decoding=\"async\" loading=\"lazy\" src=\"https:\/\/isfdyt59-sfe.infd.edu.ar\/sitio\/wp-content\/uploads\/2023\/10\/organico.jpg\" alt=\"\" class=\"wp-image-841\" width=\"499\" height=\"266\"\/><\/figure>\n","protected":false},"excerpt":{"rendered":"<p>El proyecto Escuelas Verdes se comenz\u00f3 a implementar en nuestra Instituci\u00f3n. El mismo consiste en capacitar a la comunidad educativa para lograr una correcta separaci\u00f3n de los residuos, para ello se ubicar\u00e1n cestos en todos los espacios, diferenciados por color. Los de color negro se destinan a los residuos h\u00famedos, org\u00e1nicos es decir generales,en cambio &#8230; <a title=\"JUEGOTECAS\" class=\"read-more\" href=\"https:\/\/isfdyt59-sfe.infd.edu.ar\/sitio\/juegotecas\/\" aria-label=\"M\u00e1s en JUEGOTECAS\">[+]<\/a><\/p>\n","protected":false},"author":13,"featured_media":0,"parent":0,"menu_order":0,"comment_status":"closed","ping_status":"closed","template":"","meta":[],"acf":[],"_links":{"self":[{"href":"https:\/\/isfdyt59-sfe.infd.edu.ar\/sitio\/wp-json\/wp\/v2\/pages\/840"}],"collection":[{"href":"https:\/\/isfdyt59-sfe.infd.edu.ar\/sitio\/wp-json\/wp\/v2\/pages"}],"about":[{"href":"https:\/\/isfdyt59-sfe.infd.edu.ar\/sitio\/wp-json\/wp\/v2\/types\/page"}],"author":[{"embeddable":true,"href":"https:\/\/isfdyt59-sfe.infd.edu.ar\/sitio\/wp-json\/wp\/v2\/users\/13"}],"replies":[{"embeddable":true,"href":"https:\/\/isfdyt59-sfe.infd.edu.ar\/sitio\/wp-json\/wp\/v2\/comments?post=840"}],"version-history":[{"count":2,"href":"https:\/\/isfdyt59-sfe.infd.edu.ar\/sitio\/wp-json\/wp\/v2\/pages\/840\/revisions"}],"predecessor-version":[{"id":846,"href":"https:\/\/isfdyt59-sfe.infd.edu.ar\/sitio\/wp-json\/wp\/v2\/pages\/840\/revisions\/846"}],"wp:attachment":[{"href":"https:\/\/isfdyt59-sfe.infd.edu.ar\/sitio\/wp-json\/wp\/v2\/media?parent=840"}],"curies":[{"name":"wp","href":"https:\/\/api.w.org\/{rel}","templated":true}]}}